. Suppose n*m - 29*m = -204. What is the remainder when q(-1) is divided by m?
32
Let q be (5/(-4))/((-4)/208). Let w = q + -38. Calculate the remainder when w is divided by 15.
12
Suppose 0 = -2*r, -8 = -11*y + 9*y - 3*r. Calculate the remainder when 723 is divided by y.
3
Suppose 5*y = 2*v - 145, -3*y - 1 = 2. Calculate the remainder when v is divided by (-1)/2 - (-50)/4.
10
Suppose -15 = -5*p, 4*q + p - 5 = 34. Let a(i) = -i**3 + 3*i**2 - 2*i + 12. What is the remainder when q is divided by a(3)?
3
Let q be (-8)/(0/14 + -1*2). Suppose s = -q*j + 7, s - 3 = -3*j + 5. Calculate the remainder when 30 is divided by s.
8
Let y = 65 - 44. Let s = -61 - -67. What is the remainder when y is divided by s?
3
Suppose 5*m - 15 = 20. Suppose -5*f + 43 = -m. Suppose o - f = -o. What is the remainder when 7 is divided by o?
2
Let r = 27 + -14. Let n = -36 + r. Let q = 31 - n. Calculate the remainder when q is divided by 14.
12
Let k be 6/4*(-20)/3. Let z = k - -9. What is the remainder when (-1*(z - -20))/(-1) is divided by 10?
9
What is the remainder when -113 + 161 - (1 + (-2)/2) is divided by 27?
21
Let j = -59 - -65. What is the remainder when 171 is divided by j?
3
Let w(l) = -3*l + 37. Let c(b) = b**3 - 18*b**2 - 2*b + 12. Let g be c(18). Calculate the remainder when w(g) is divided by 22.
21
Let y(v) = -2*v**3 + 39*v**2 - 9*v + 36. Let r be y(20). Calculate the remainder when (-6)/4*r/48 is divided by 6.
5
Let g(o) = o**3 + 4*o**2 - 5*o - 11. Calculate the remainder when 207 is divided by g(-3).
12
Let c(x) = 47*x**2 - 13*x**2 - 15*x**2 - 16*x**2 - 12*x + 9. What is the remainder when 20 is divided by c(4)?
2
Suppose -7*i + 2*i + 10 = 0. Let o(c) = -3 + 1 + 1 + c**i. Calculate the remainder when 7 is divided by o(-2).
1
Let k(z) = 2*z - 8. Let c be k(-4). Let g = 19 + c. What is the remainder when 11 is divided by g?
2
What is the remainder when ((-44)/(-220))/(2/350) is divided by 20?
15
Let p(w) = 6*w**2 + 41*w - 122. Calculate the remainder when 215 is divided by p(3).
50
Let m = -584 - -598. Let y(a) = a**3 + 5*a**2 - 6*a + 5. What is the remainder when m is divided by y(-6)?
4
Suppose 5*s - 23 = -2*j, -3*j - 2*j + 10 = 3*s. Suppose 0 = -n - s*v + 21, 3*v = -2*v + 20. What is the remainder when 48 is divided by (n - 51)*(-5)/10?
23
Let m be (-10)/4 + (-9)/(-18). Let n(s) = -13*s + 3. Suppose -b + 7 = -9. What is the remainder when n(m) is divided by b?
13
Let w be (24/(-20))/(1 + (-7)/5). Suppose 0 = -2*z + w*n - 5, 4*z = n - 5*n + 20. What is the remainder when z is divided by (-1)/(-3) - 5/(-3)?
0
Let p be ((-6)/3 - -52)/(-2). Calculate the remainder when 18 is divided by (-170)/p + (-1)/(-5).
4
What is the remainder when (-482)/(-6) + 13/((-312)/(-16)) is divided by 45?
36
Let o(x) = 2*x**2 - 23*x - 111. Suppose -3*a + 39 = -5*p, -6 = p - 3. Calculate the remainder when o(-4) is divided by a.
5
Let i be (-94)/(-14) + 2/7. Let q be (-507)/(-18) + (-1)/6. What is the remainder when 13 is divided by 6 - i/(q/8)?
1
Let h(v) = -v**2 + 4*v + 4. Let u be h(6). Let z = -4 - u. Let b = 247 - 238. Calculate the remainder when b is divided by z.
1
Let u(s) = -10*s**2 + s + 0*s**2 + 11*s**2 - 7. What is the remainder when u(3) is divided by 3?
2
Suppose 123 - 12 = 3*r. Let k = 6 + r. Let y(f) = -2*f**2 - 32*f + 49. Calculate the remainder when k is divided by y(-17).
13
Let a(l) = 23*l**2 - 6*l - 1. Calculate the remainder when 30 is divided by a(1).
14
Let i(r) = 10*r + 68. Let d(a) = a - 5. Let x be d(5). What is the remainder when 1 - (x - -1) - -21 is divided by i(-6)?
5
Suppose -w + 3 = 0, -10 + 5 = 5*j - 5*w. Let u be (8/(-6))/((-8)/18). Suppose 6 + 0 = u*f. Calculate the remainder when f is divided by j.
0
Suppose 3*y + 4*a = 469, 3*y - 13*a - 433 = -8*a. What is the remainder when y is divided by 8?
7
What is the remainder when 104 is divided by (3 - (-98)/(-35)) + (-318)/(-10)?
8
Let y(f) = f**3 - f**2 - 7*f + 7. What is the remainder when 5 is divided by y(3)?
1
Let s(f) = -f - 4. Let h(t) = t**3 - t**2 - t - 3. Let u be h(-4). Let r = 94 + u. What is the remainder when r is divided by s(-8)?
3
Let u(p) be the third derivative of p**6/120 - p**5/12 + p**4/24 + 7*p**3/6 - 13*p**2. Calculate the remainder when 29 is divided by u(5).
5
Let b be (-26)/(-4) - 30/20. Suppose -4*y - 27 = -b*o - 7*y, -3*y = -12. Suppose -o*h + 60 = -0*h. Calculate the remainder when 36 is divided by h.
16
Suppose 4*y + x = 4*x + 48, -2*y + 42 = 3*x. Let r = -66 + 69. Let b = y - r. Calculate the remainder when 46 is divided by b.
10
Let m(p) = -p**2 + 2*p + 9. Let a be m(4). Let q(g) = -2*g - a + 3*g + 2*g + g. What is the remainder when 27 is divided by q(4)?
12
Let r be 20*(15/2)/(-5). What is the remainder when 24340/300 - (-4)/r is divided by 14?
11
Let z = -36 - -39. Calculate the remainder when 52 is divided by 99/(-6)*(-2)/z.
8
Let b = 35 + 3. What is the remainder when b is divided by 15?
8
Let b(p) = -p**3 - 2*p**2 - 35*p - 103. Suppose 5*u + 375 = 3*o + 2*o, 4*u + 375 = 5*o. What is the remainder when o is divided by b(-3)?
9
Let x(u) = 22*u - 133. What is the remainder when x(13) is divided by 22?
21
Let y(o) = -o**3 - 7*o**2 - 12*o + 19. Calculate the remainder when 109 is divided by y(-5).
22
Let p(i) = 3*i**2 + 66*i - 24. What is the remainder when 89 is divided by p(-23)?
44
Suppose -4*m - 86 - 50 = -2*p, 0 = p - 3*m - 66. Calculate the remainder when 10 is divided by (2/6)/(8/p).
1
Let i be -4 - -8 - -3*2. Suppose 852 = i*c - 7*c. Calculate the remainder when c is divided by 15.
14
Suppose -3*m - 2*r + 58 = 0, -3*r - 30 = -2*m - 0*m. What is the remainder when 106/3 - 1/3 is divided by m?
17
Let l = 30 - 11. Let b(q) = -q**3 + 8*q**2 - q + 2. What is the remainder when b(5) is divided by l?
15
Suppose 5*z - 55 = 5*x, z - 37 = 2*x - 4*z. Let m(y) = 51*y**2 + y - 1. Calculate the remainder when m(1) is divided by 117/6*(-4)/x.
12
Let q = -79 - -154. Suppose q = 3*x - f - 71, -4*f - 45 = -x. Calculate the remainder when 145 is divided by x.
47
Calculate the remainder when 75 is divided by 12 + -4 + 9 + -4.
10
Let q(n) = -5*n + 11. Calculate the remainder when q(-6) is divided by 2.
1
Suppose 1420 = 34*x - 14*x. Calculate the remainder when x is divided by 15.
11
Suppose -4*z + 154 = -2*x, 4*z + 6*x = 3*x + 179. Calculate the remainder when 120 is divided by z.
38
Let z be (60/4)/(1 + 0). Suppose -3*p + z = 0, 15 = 5*b - 2*p + 3*p. Let t = 3 - -1. What is the remainder when t is divided by b?
0
Suppose -1 = -p + 24. Let a(z) = -z**3 - 22*z**2 + 19*z + 5. What is the remainder when a(-23) is divided by p?
22
Suppose -4*u = 5*g - 3*g - 94, 5*u = 5*g - 160. Suppose -371 = 3*b - 4*d, 3*d - 359 = 3*b + 5*d. Let n = b - -229. What is the remainder when n is divided by g?
34
Suppose 75 = 15*k - 105. Calculate the remainder when 32 is divided by k.
8
Let d(a) = -a + 47. Calculate the remainder when 167 is divided by d(-11).
51
Let p be ((-3)/6)/(886/296 - 3). Let m = p - 55. Calculate the remainder when m is divided by 14.
5
What is the remainder when 156 is divided by (-24)/(-6)*1/2*8?
12
Let f(g) be the first derivative of g**3/3 + 3*g**2 - 8*g - 7. Calculate the remainder when 28 is divided by f(-8).
4
What is the remainder when (-55)/(-22)*(-436)/(-5) is divided by 38?
28
Suppose 52 = o - 4*p, 0*o + 3*p - 111 = -3*o. Let n(d) = d**3 - 3*d**2 + d - 9. Let s be n(0). What is the remainder when o is divided by 101/7 - s/(-21)?
12
Suppose 0 = 5*a + 2*a - 28. Suppose -2*m - 25 + 4 = -5*v, -2*m + 6 = a*v. What is the remainder when 18 is divided by v?
0
Let p(h) = -h**2 + 4*h + 147. Calculate the remainder when 764 is divided by p(12).
50
Let n(o) = -7*o + 52. Let g be n(8). Calculate the remainder when 14 is divided by (6/(-3))/(1/g).
6
Let f(h) = -2 + 1 + 18*h - 2*h. Suppose 10 = y + 3*r, 3*r = 2*r + 3. Calculate the remainder when 58 is divided by f(y).
13
What is the remainder when (52/130)/((-1)/(-275)) is divided by (8/3)/((-4)/(-42))?
26
Let x = 16 - 14. Suppose c + 3*k = -0*c + x, -3*k = 3*c - 24. Calculate the remainder when 36 + -15 + 0/2 is divided by c.
10
Let n(x) = 2*x**2 - 190*x - 975. What is the remainder when 47 is divided by n(-5)?
22
Suppose -18 + 22 = 2*p. Suppose 0 = 4*s + f - 80, 0*f - p*f + 46 = 2*s. What is the remainder when s is divid